{"id":18,"date":"2015-12-25T21:50:15","date_gmt":"2015-12-25T19:50:15","guid":{"rendered":"http:\/\/wwwifaturkeyorgtr.c.sadecehosting.com\/?page_id=18"},"modified":"2024-02-24T17:38:35","modified_gmt":"2024-02-24T14:38:35","slug":"young-ifa","status":"publish","type":"page","link":"http:\/\/www.ifaturkey.org.tr\/en\/young-ifa\/","title":{"rendered":"Young IFA"},"content":{"rendered":"<div  class='av-hotspot-image-container av-2gjz6-aad21f2787e4905d7cace972e1dd3837  avia-builder-el-0  el_before_av_codeblock  avia-builder-el-first  av-hotspot-blank av-mobile-fallback-active  av-non-fullwidth-hotspot-image'  itemprop=\"image\" itemscope=\"itemscope\" itemtype=\"https:\/\/schema.org\/ImageObject\" ><div class='av-hotspot-container'><div class='av-hotspot-container-inner-cell'><div class='av-hotspot-container-inner-wrap'><img decoding=\"async\" class='wp-image-71837 avia-img-lazy-loading-not-71837 avia_image' src=\"http:\/\/www.ifaturkey.org.tr\/en\/wp-content\/uploads\/2023\/11\/ifa_hakkimizda.jpg\" alt='' title='ifa_hakkimizda'  height=\"500\" width=\"2000\"  itemprop=\"thumbnailUrl\" srcset=\"http:\/\/www.ifaturkey.org.tr\/en\/wp-content\/uploads\/2023\/11\/ifa_hakkimizda.jpg 2000w, http:\/\/www.ifaturkey.org.tr\/en\/wp-content\/uploads\/2023\/11\/ifa_hakkimizda-300x75.jpg 300w, http:\/\/www.ifaturkey.org.tr\/en\/wp-content\/uploads\/2023\/11\/ifa_hakkimizda-1030x258.jpg 1030w, http:\/\/www.ifaturkey.org.tr\/en\/wp-content\/uploads\/2023\/11\/ifa_hakkimizda-768x192.jpg 768w, http:\/\/www.ifaturkey.org.tr\/en\/wp-content\/uploads\/2023\/11\/ifa_hakkimizda-1536x384.jpg 1536w, http:\/\/www.ifaturkey.org.tr\/en\/wp-content\/uploads\/2023\/11\/ifa_hakkimizda-1500x375.jpg 1500w, http:\/\/www.ifaturkey.org.tr\/en\/wp-content\/uploads\/2023\/11\/ifa_hakkimizda-705x176.jpg 705w\" sizes=\"(max-width: 2000px) 100vw, 2000px\" \/><\/div><\/div><\/div><\/div>\n\n<div  class='av-hotspot-image-container av-1avcy-7baf5a4e2073b6160f1436f0069f290f  avia-builder-el-2  el_after_av_codeblock  el_before_av_textblock  cizgi av-hotspot-blank av-mobile-fallback-active  av-non-fullwidth-hotspot-image'  itemprop=\"image\" itemscope=\"itemscope\" itemtype=\"https:\/\/schema.org\/ImageObject\" ><div class='av-hotspot-container'><div class='av-hotspot-container-inner-cell'><div class='av-hotspot-container-inner-wrap'><img decoding=\"async\" class='wp-image-71913 avia-img-lazy-loading-not-71913 avia_image' src=\"http:\/\/www.ifaturkey.org.tr\/en\/wp-content\/uploads\/2023\/11\/line-3.png\" alt='' title='line'  height=\"1\" width=\"2188\"  itemprop=\"thumbnailUrl\" srcset=\"http:\/\/www.ifaturkey.org.tr\/en\/wp-content\/uploads\/2023\/11\/line-3.png 2188w, http:\/\/www.ifaturkey.org.tr\/en\/wp-content\/uploads\/2023\/11\/line-3-300x1.png 300w, http:\/\/www.ifaturkey.org.tr\/en\/wp-content\/uploads\/2023\/11\/line-3-1030x1.png 1030w, http:\/\/www.ifaturkey.org.tr\/en\/wp-content\/uploads\/2023\/11\/line-3-80x1.png 80w, http:\/\/www.ifaturkey.org.tr\/en\/wp-content\/uploads\/2023\/11\/line-3-768x1.png 768w, http:\/\/www.ifaturkey.org.tr\/en\/wp-content\/uploads\/2023\/11\/line-3-1536x1.png 1536w, http:\/\/www.ifaturkey.org.tr\/en\/wp-content\/uploads\/2023\/11\/line-3-2048x1.png 2048w, http:\/\/www.ifaturkey.org.tr\/en\/wp-content\/uploads\/2023\/11\/line-3-36x1.png 36w, http:\/\/www.ifaturkey.org.tr\/en\/wp-content\/uploads\/2023\/11\/line-3-180x1.png 180w, http:\/\/www.ifaturkey.org.tr\/en\/wp-content\/uploads\/2023\/11\/line-3-1500x1.png 1500w, http:\/\/www.ifaturkey.org.tr\/en\/wp-content\/uploads\/2023\/11\/line-3-495x1.png 495w, http:\/\/www.ifaturkey.org.tr\/en\/wp-content\/uploads\/2023\/11\/line-3-260x1.png 260w, http:\/\/www.ifaturkey.org.tr\/en\/wp-content\/uploads\/2023\/11\/line-3-845x1.png 845w, http:\/\/www.ifaturkey.org.tr\/en\/wp-content\/uploads\/2023\/11\/line-3-710x1.png 710w, http:\/\/www.ifaturkey.org.tr\/en\/wp-content\/uploads\/2023\/11\/line-3-705x1.png 705w, http:\/\/www.ifaturkey.org.tr\/en\/wp-content\/uploads\/2023\/11\/line-3-1210x1.png 1210w\" sizes=\"(max-width: 2188px) 100vw, 2188px\" \/><\/div><\/div><\/div><\/div>\n<section  class='av_textblock_section av-oml6-771feb51b603e96a60e7475346e620d0 '   itemscope=\"itemscope\" itemtype=\"https:\/\/schema.org\/CreativeWork\" ><div class='avia_textblock'  itemprop=\"text\" ><p>[vc_row type=&#8221;container&#8221; padding_top=&#8221;&#8221; padding_bottom=&#8221;&#8221;][vc_column][vc_column_text]As a sub-group of IFA, Young IFA was established on an initiative adopted in 2005 particularly for young members in the early stages of their career in the framework of IFA\u2019s general objectives. The Committee consisting of young IFA members is committed to developing, proposing and implementing ideas and programs, both at the Branch level and worldwide, to make IFA still more attractive to young members.<\/p>\n<p><strong>The Committee will;<\/strong><\/p>\n<ul>\n<li>facilitate communication among young members (incl. LL.M. candidates and Phd. Students);<\/li>\n<li>initiate and support activities and programs aiming primarily at young members;<\/li>\n<li>identify opportunities for increased participation of young members in IFA.<\/li>\n<li>work towards providing local and global discussion forums for young tax professionals throughout the world.<\/li>\n<\/ul>\n<p>For this purpose, IFA headquarters has highly encouraged the establishment of Young IFA organizations within country branches. In line with this objective, Ege Berber and Altan Ren\u00e7ber have been selected as the founders of Turkey\u2019s first Young IFA group as a result of the voting in the general assembly in 2014.<\/p>\n<p>Having started working immediately after its incorporation, Young IFA has initiated and still successfully continues a series of presentation which combines the perspectives of practitioner-academic-authority by means of its organizations titled \u201cNew Theses, Young Voices\u201d.<br \/>\n[\/vc_column_text][\/vc_column][\/vc_row][vc_row type=&#8221;container&#8221; padding_top=&#8221;&#8221; padding_bottom=&#8221;&#8221;][vc_column][vc_tta_accordion][vc_tta_section title=&#8221;Att. Canan Doksat&#8221; tab_id=&#8221;1451986075111-a762d89d-2f82&#8243;][vc_column_text]<img loading=\"lazy\" decoding=\"async\" width=\"218\" height=\"300\" class=\"alignleft size-medium wp-image-71609\" src=\"http:\/\/www.ifaturkey.org.tr\/wp-content\/uploads\/2015\/12\/Canan-Doksat_pic-218x300.jpeg\" alt=\"Canan Doksat_pic\" srcset=\"http:\/\/www.ifaturkey.org.tr\/en\/wp-content\/uploads\/2015\/12\/Canan-Doksat_pic-218x300.jpeg 218w, http:\/\/www.ifaturkey.org.tr\/en\/wp-content\/uploads\/2015\/12\/Canan-Doksat_pic.jpeg 700w\" sizes=\"(max-width: 218px) 100vw, 218px\" \/><\/p>\n<p>Att. Canan Doksat works as a Managing Associate and Tax Leader in the Tax Department of Erdem &amp; Erdem Law Office. Prior to joining Erdem &amp; Erdem Law Office, she worked at EY Turkey for 9 years.<\/p>\n<p>Canan Doksat completed her high school education at Saint-Joseph French High School in 2005 and her undergraduate study at Ko\u00e7 University Law Faculty in 2010. In 2021, she completed her master&#8217;s degree within the scope of Economic Law programme of Bilgi University and prepared her master&#8217;s thesis on \u201cSpin-Off of Non-Public Companies &amp; Protection of Creditors\u201d.<\/p>\n<p>Being a member of International Fiscal Association (IFA) as well, Ms. Doksat is a member of Istanbul Bar Association- Administrative and Tax Law Commission. She is fluent in Turkish, English and French.<\/p>\n<p>[\/vc_column_text][\/vc_tta_section][vc_tta_section title=&#8221;Att. \u00d6zge K\u0131sac\u0131k&#8221; tab_id=&#8221;1451986075253-9e870c70-23bd&#8221;][vc_column_text]<img loading=\"lazy\" decoding=\"async\" width=\"203\" height=\"300\" class=\"alignleft size-medium wp-image-71608\" src=\"http:\/\/www.ifaturkey.org.tr\/wp-content\/uploads\/2015\/12\/o\u0308zge-k\u0131sac\u0131k_pic-203x300.jpeg\" alt=\"o\u0308zge k\u0131sac\u0131k_pic\" srcset=\"http:\/\/www.ifaturkey.org.tr\/en\/wp-content\/uploads\/2015\/12\/o\u0308zge-k\u0131sac\u0131k_pic-203x300.jpeg 203w, http:\/\/www.ifaturkey.org.tr\/en\/wp-content\/uploads\/2015\/12\/o\u0308zge-k\u0131sac\u0131k_pic-768x1137.jpeg 768w, http:\/\/www.ifaturkey.org.tr\/en\/wp-content\/uploads\/2015\/12\/o\u0308zge-k\u0131sac\u0131k_pic-692x1024.jpeg 692w, http:\/\/www.ifaturkey.org.tr\/en\/wp-content\/uploads\/2015\/12\/o\u0308zge-k\u0131sac\u0131k_pic.jpeg 2044w\" sizes=\"(max-width: 203px) 100vw, 203px\" \/><\/p>\n<p>Att. \u00d6zge K\u0131sac\u0131k works as an associate in the Tax Department of Erdem &amp; Erdem Law Office.<\/p>\n<p>\u00d6zge K\u0131sac\u0131k completed her undergraduate study at Istanbul University Faculty of Law in 2017 and her master&#8217;s degree within the scope of Private Law master&#8217;s programme of Istanbul University in 2022. Within the scope of master degree, Ms. K\u0131sac\u0131k prepared her thesis titled as \u201cCapital Increase from Internal Resources and Tax-Related Elements\u201d.<\/p>\n<p>Being a member of International Fiscal Association &#8211; Young IFA as well, Ms. K\u0131sac\u0131k is a member of Istanbul Bar Association \u2013 Administrative &amp; Tax Law Commission. She is fluent in Turkish and English.[\/vc_column_text][\/vc_tta_section][\/vc_tta_accordion][\/vc_column][\/vc_row]<\/p>\n<div class=\"ddict_div\" style=\"top: 231.188px; max-width: 150px; left: 5px;\">\n<p><img decoding=\"async\" class=\"ddict_audio\" src=\"chrome-extension:\/\/bpggmmljdiliancllaapiggllnkbjocb\/img\/audio.png\" \/><\/p>\n<p class=\"ddict_sentence\">Komite<\/p>\n<\/div>\n<\/div><\/section>\n","protected":false},"excerpt":{"rendered":"[vc_row type=\"container\" padding_top=\"\" padding_bottom=\"\"][vc_column][vc_column_text]As a sub-group of IFA, Young IFA was established on an initiative adopted in 2005 particularly for young members in the early stages of their career in the framework of IFA\u2019s general objectives. The Committee consisting of young IFA members is committed to developing, proposing and implementing ideas and programs, both at [...]","protected":false},"author":1,"featured_media":0,"parent":0,"menu_order":0,"comment_status":"closed","ping_status":"closed","template":"","meta":{"_acf_changed":false,"footnotes":""},"acf":[],"_links":{"self":[{"href":"http:\/\/www.ifaturkey.org.tr\/en\/wp-json\/wp\/v2\/pages\/18"}],"collection":[{"href":"http:\/\/www.ifaturkey.org.tr\/en\/wp-json\/wp\/v2\/pages"}],"about":[{"href":"http:\/\/www.ifaturkey.org.tr\/en\/wp-json\/wp\/v2\/types\/page"}],"author":[{"embeddable":true,"href":"http:\/\/www.ifaturkey.org.tr\/en\/wp-json\/wp\/v2\/users\/1"}],"replies":[{"embeddable":true,"href":"http:\/\/www.ifaturkey.org.tr\/en\/wp-json\/wp\/v2\/comments?post=18"}],"version-history":[{"count":10,"href":"http:\/\/www.ifaturkey.org.tr\/en\/wp-json\/wp\/v2\/pages\/18\/revisions"}],"predecessor-version":[{"id":72155,"href":"http:\/\/www.ifaturkey.org.tr\/en\/wp-json\/wp\/v2\/pages\/18\/revisions\/72155"}],"wp:attachment":[{"href":"http:\/\/www.ifaturkey.org.tr\/en\/wp-json\/wp\/v2\/media?parent=18"}],"curies":[{"name":"wp","href":"https:\/\/api.w.org\/{rel}","templated":true}]}}

<div  class='av-hotspot-image-container av-2gjz6-aad21f2787e4905d7cace972e1dd3837  avia-builder-el-0  el_before_av_codeblock  avia-builder-el-first  av-hotspot-blank av-mobile-fallback-active  av-non-fullwidth-hotspot-image'  itemprop="image" itemscope="itemscope" itemtype="https://schema.org/ImageObject" ><div class='av-hotspot-container'><div class='av-hotspot-container-inner-cell'><div class='av-hotspot-container-inner-wrap'><img decoding="async" class='wp-image-71837 avia-img-lazy-loading-not-71837 avia_image' src="http://www.ifaturkey.org.tr/en/wp-content/uploads/2023/11/ifa_hakkimizda.jpg" alt='' title='ifa_hakkimizda'  height="500" width="2000"  itemprop="thumbnailUrl" srcset="http://www.ifaturkey.org.tr/en/wp-content/uploads/2023/11/ifa_hakkimizda.jpg 2000w, http://www.ifaturkey.org.tr/en/wp-content/uploads/2023/11/ifa_hakkimizda-300x75.jpg 300w, http://www.ifaturkey.org.tr/en/wp-content/uploads/2023/11/ifa_hakkimizda-1030x258.jpg 1030w, http://www.ifaturkey.org.tr/en/wp-content/uploads/2023/11/ifa_hakkimizda-768x192.jpg 768w, http://www.ifaturkey.org.tr/en/wp-content/uploads/2023/11/ifa_hakkimizda-1536x384.jpg 1536w, http://www.ifaturkey.org.tr/en/wp-content/uploads/2023/11/ifa_hakkimizda-1500x375.jpg 1500w, http://www.ifaturkey.org.tr/en/wp-content/uploads/2023/11/ifa_hakkimizda-705x176.jpg 705w" sizes="(max-width: 2000px) 100vw, 2000px" /></div></div></div></div>

<div  class='av-hotspot-image-container av-1avcy-7baf5a4e2073b6160f1436f0069f290f  avia-builder-el-2  el_after_av_codeblock  el_before_av_textblock  cizgi av-hotspot-blank av-mobile-fallback-active  av-non-fullwidth-hotspot-image'  itemprop="image" itemscope="itemscope" itemtype="https://schema.org/ImageObject" ><div class='av-hotspot-container'><div class='av-hotspot-container-inner-cell'><div class='av-hotspot-container-inner-wrap'><img decoding="async" class='wp-image-71913 avia-img-lazy-loading-not-71913 avia_image' src="http://www.ifaturkey.org.tr/en/wp-content/uploads/2023/11/line-3.png" alt='' title='line'  height="1" width="2188"  itemprop="thumbnailUrl" srcset="http://www.ifaturkey.org.tr/en/wp-content/uploads/2023/11/line-3.png 2188w, http://www.ifaturkey.org.tr/en/wp-content/uploads/2023/11/line-3-300x1.png 300w, http://www.ifaturkey.org.tr/en/wp-content/uploads/2023/11/line-3-1030x1.png 1030w, http://www.ifaturkey.org.tr/en/wp-content/uploads/2023/11/line-3-80x1.png 80w, http://www.ifaturkey.org.tr/en/wp-content/uploads/2023/11/line-3-768x1.png 768w, http://www.ifaturkey.org.tr/en/wp-content/uploads/2023/11/line-3-1536x1.png 1536w, http://www.ifaturkey.org.tr/en/wp-content/uploads/2023/11/line-3-2048x1.png 2048w, http://www.ifaturkey.org.tr/en/wp-content/uploads/2023/11/line-3-36x1.png 36w, http://www.ifaturkey.org.tr/en/wp-content/uploads/2023/11/line-3-180x1.png 180w, http://www.ifaturkey.org.tr/en/wp-content/uploads/2023/11/line-3-1500x1.png 1500w, http://www.ifaturkey.org.tr/en/wp-content/uploads/2023/11/line-3-495x1.png 495w, http://www.ifaturkey.org.tr/en/wp-content/uploads/2023/11/line-3-260x1.png 260w, http://www.ifaturkey.org.tr/en/wp-content/uploads/2023/11/line-3-845x1.png 845w, http://www.ifaturkey.org.tr/en/wp-content/uploads/2023/11/line-3-710x1.png 710w, http://www.ifaturkey.org.tr/en/wp-content/uploads/2023/11/line-3-705x1.png 705w, http://www.ifaturkey.org.tr/en/wp-content/uploads/2023/11/line-3-1210x1.png 1210w" sizes="(max-width: 2188px) 100vw, 2188px" /></div></div></div></div>
<section  class='av_textblock_section av-oml6-771feb51b603e96a60e7475346e620d0 '   itemscope="itemscope" itemtype="https://schema.org/CreativeWork" ><div class='avia_textblock'  itemprop="text" ><p>[vc_row type=&#8221;container&#8221; padding_top=&#8221;&#8221; padding_bottom=&#8221;&#8221;][vc_column][vc_column_text]As a sub-group of IFA, Young IFA was established on an initiative adopted in 2005 particularly for young members in the early stages of their career in the framework of IFA’s general objectives. The Committee consisting of young IFA members is committed to developing, proposing and implementing ideas and programs, both at the Branch level and worldwide, to make IFA still more attractive to young members.</p>
<p><strong>The Committee will;</strong></p>
<ul>
<li>facilitate communication among young members (incl. LL.M. candidates and Phd. Students);</li>
<li>initiate and support activities and programs aiming primarily at young members;</li>
<li>identify opportunities for increased participation of young members in IFA.</li>
<li>work towards providing local and global discussion forums for young tax professionals throughout the world.</li>
</ul>
<p>For this purpose, IFA headquarters has highly encouraged the establishment of Young IFA organizations within country branches. In line with this objective, Ege Berber and Altan Rençber have been selected as the founders of Turkey’s first Young IFA group as a result of the voting in the general assembly in 2014.</p>
<p>Having started working immediately after its incorporation, Young IFA has initiated and still successfully continues a series of presentation which combines the perspectives of practitioner-academic-authority by means of its organizations titled “New Theses, Young Voices”.<br />
[/vc_column_text][/vc_column][/vc_row][vc_row type=&#8221;container&#8221; padding_top=&#8221;&#8221; padding_bottom=&#8221;&#8221;][vc_column][vc_tta_accordion][vc_tta_section title=&#8221;Att. Canan Doksat&#8221; tab_id=&#8221;1451986075111-a762d89d-2f82&#8243;][vc_column_text]<img loading="lazy" decoding="async" width="218" height="300" class="alignleft size-medium wp-image-71609" src="http://www.ifaturkey.org.tr/wp-content/uploads/2015/12/Canan-Doksat_pic-218x300.jpeg" alt="Canan Doksat_pic" srcset="http://www.ifaturkey.org.tr/en/wp-content/uploads/2015/12/Canan-Doksat_pic-218x300.jpeg 218w, http://www.ifaturkey.org.tr/en/wp-content/uploads/2015/12/Canan-Doksat_pic.jpeg 700w" sizes="(max-width: 218px) 100vw, 218px" /></p>
<p>Att. Canan Doksat works as a Managing Associate and Tax Leader in the Tax Department of Erdem &amp; Erdem Law Office. Prior to joining Erdem &amp; Erdem Law Office, she worked at EY Turkey for 9 years.</p>
<p>Canan Doksat completed her high school education at Saint-Joseph French High School in 2005 and her undergraduate study at Koç University Law Faculty in 2010. In 2021, she completed her master&#8217;s degree within the scope of Economic Law programme of Bilgi University and prepared her master&#8217;s thesis on “Spin-Off of Non-Public Companies &amp; Protection of Creditors”.</p>
<p>Being a member of International Fiscal Association (IFA) as well, Ms. Doksat is a member of Istanbul Bar Association- Administrative and Tax Law Commission. She is fluent in Turkish, English and French.</p>
<p>[/vc_column_text][/vc_tta_section][vc_tta_section title=&#8221;Att. Özge Kısacık&#8221; tab_id=&#8221;1451986075253-9e870c70-23bd&#8221;][vc_column_text]<img loading="lazy" decoding="async" width="203" height="300" class="alignleft size-medium wp-image-71608" src="http://www.ifaturkey.org.tr/wp-content/uploads/2015/12/özge-kısacık_pic-203x300.jpeg" alt="özge kısacık_pic" srcset="http://www.ifaturkey.org.tr/en/wp-content/uploads/2015/12/özge-kısacık_pic-203x300.jpeg 203w, http://www.ifaturkey.org.tr/en/wp-content/uploads/2015/12/özge-kısacık_pic-768x1137.jpeg 768w, http://www.ifaturkey.org.tr/en/wp-content/uploads/2015/12/özge-kısacık_pic-692x1024.jpeg 692w, http://www.ifaturkey.org.tr/en/wp-content/uploads/2015/12/özge-kısacık_pic.jpeg 2044w" sizes="(max-width: 203px) 100vw, 203px" /></p>
<p>Att. Özge Kısacık works as an associate in the Tax Department of Erdem &amp; Erdem Law Office.</p>
<p>Özge Kısacık completed her undergraduate study at Istanbul University Faculty of Law in 2017 and her master&#8217;s degree within the scope of Private Law master&#8217;s programme of Istanbul University in 2022. Within the scope of master degree, Ms. Kısacık prepared her thesis titled as “Capital Increase from Internal Resources and Tax-Related Elements”.</p>
<p>Being a member of International Fiscal Association &#8211; Young IFA as well, Ms. Kısacık is a member of Istanbul Bar Association – Administrative &amp; Tax Law Commission. She is fluent in Turkish and English.[/vc_column_text][/vc_tta_section][/vc_tta_accordion][/vc_column][/vc_row]</p>
<div class="ddict_div" style="top: 231.188px; max-width: 150px; left: 5px;">
<p><img decoding="async" class="ddict_audio" src="chrome-extension://bpggmmljdiliancllaapiggllnkbjocb/img/audio.png" /></p>
<p class="ddict_sentence">Komite</p>
</div>
</div></section>
